- p + 10 + 2. Let r = u + -13. What is the units digit of -3*((-44 - r) + 1)?
9
Let u be (-2)/4*1*(68 - -6). What is the tens digit of u*(-11 + 0) - 2?
0
Suppose -301622 = 46*h - 534337 - 324943. What is the ten thousands digit of h?
1
Let r be ((-9)/21 - -1)/(18/63). Suppose i + t = r*i - 55, 2*t - 122 = -2*i. What is the tens digit of i?
5
Let s(t) = 310*t + 301. What is the tens digit of s(8)?
8
Suppose 16 = 4*j + 3*x + 5, 10 = 5*j + 5*x. Suppose -5*u = -3*v + 824, -j*v + 271 = -4*v + 2*u. Suppose -d - 39 = -v. What is the units digit of d?
4
Let k(o) be the third derivative of o**5/60 + o**4/4 + o**3/6 - o**2. Suppose 3*t + 259*z = 254*z + 20, -t + 9 = 4*z. What is the units digit of k(t)?
6
Suppose x - 8*p - 17384 = -13*p, -5*x + 87001 = -2*p. What is the hundreds digit of x?
3
Suppose -2*v - 3060 = -2*a, 443 = -a - 4*v + 1948. Let l = -673 + a. What is the hundreds digit of l?
8
Suppose d + 3*n - 10 = 3*d, -20 = 4*d + 2*n. Let j(p) = -78*p - 108. What is the tens digit of j(d)?
8
Suppose 2*i + 0 = 3*t - 3, 5*i + 5*t = -20. Let m be -58*(28/(-8) - i). What is the units digit of (2 - 2) + -3 + m?
6
Let f(l) be the second derivative of -97*l**5/20 + l**4/2 + 5*l**3/6 - 3*l**2/2 - 7*l - 10. What is the hundreds digit of f(-2)?
7
Let p = -140 + 309. Let n = p + -12. Suppose 2*k - 2*l - n = -31, 3*k - 189 = 2*l. What is the tens digit of k?
6
Let t(n) = 268*n**3. Let g(u) = u**2 - 6*u - 15. Let m be g(-2). What is the hundreds digit of t(m)?
2
What is the tens digit of -4 + -5 - (-8264 - (5 + -9))?
5
Let t be 4/((-6)/15*-5). Suppose 0 = -t*r + r + 33. Suppose 0 = -2*z - r + 143. What is the units digit of z?
5
Let u(a) = -35*a + 2. Let h be u(2). Let k be (-2 + 8)*(-35)/21*3. Let r = k - h. What is the tens digit of r?
3
Let h(p) = -93*p - 13 - 44*p + 45 - 59*p. Let d(c) = 65*c - 11. Let a(y) = 17*d(y) + 6*h(y). What is the tens digit of a(-1)?
7
Let o(n) = 32*n**2 - 108*n + 10. Let k(g) = -2*g**2 - 26*g - 65. Let d be k(-9). What is the units digit of o(d)?
2
Let w(y) = 229*y**3 - 6*y**2 - 19*y + 87. What is the tens digit of w(5)?
6
Let s be 34/1 + (4 + -3)*4. Suppose m - 22 = n, n - 3*m = -n - 40. Let u = s + n. What is the units digit of u?
2
Suppose -18 = 21*u - 30*u. Suppose -129 = -j - n, -j + 2*n + 144 = -u*n. What is the hundreds digit of j?
1
Let b(o) = 52*o**2 + 363*o + 7. What is the units digit of b(-8)?
1
Let y(c) = 2*c + 37. Let w be y(-9). Suppose j = -i - 0*j + 4, -4*j = -3*i + w. Suppose i*z - 864 = 156. What is the tens digit of z?
0
Suppose 631331 = 88*f - 348622 - 200655. What is the ten thousands digit of f?
1
Let y = 104 - -124. Suppose 12*s - y = 6*s. Suppose 5*k = 27 + s. What is the tens digit of k?
1
Let b be (-74)/(-6) - (3 - 16/6). Let o(k) = 6*k**2 - 22*k + 94. What is the units digit of o(b)?
4
Let r(h) = h**3 + 5*h**2 + 3*h. Let s be r(-5). Let a be 58 + 2/s*3*5. Let d = -52 + a. What is the units digit of d?
4
Suppose -197*v + 100448 + 525815 = 0. What is the thousands digit of v?
3
Let q be 155 + -4 + 9 - -3. Let v = q - 108. What is the tens digit of v?
5
Let p be 432/(-144) - (-1 - -1 - 5). Suppose -2*b - 12 = -m, 0 = -p*m - 5*b + 28 + 32. What is the units digit of m?
0
Suppose 3*h - 296 = -4*r - h, 376 = 5*r - h. What is the hundreds digit of ((-25)/r)/((-2)/1458)?
2
Suppose 0 = 12*y - 2*y. Let t be 1*y/(-4 - -5). What is the units digit of (-1946)/(-70) + (t - 2/(-10))?
8
Let r(j) = -j**3 + 9*j**2 - 7*j - 6. Let x be r(8). Let f(v) = v**3 - 6 - 7 + 2*v - 7*v**x + 3. What is the units digit of f(7)?
4
What is the hundreds digit of 1425 - 12/32*24?
4
Let q = 3089 + -2161. Let v = q - 462. What is the hundreds digit of v?
4
Let u(o) = -9878*o**3 + o**2 + 3*o + 3. What is the thousands digit of u(-1)?
9
Suppose 3630 = w + 2*c - 502, -5*c = -5*w + 20735. What is the tens digit of w?
4
Suppose -5*z + f + 759 = 0, -5*z + 5*f = -502 - 253. Let u = 204 - z. What is the tens digit of u?
5
Let d = 21 + -21. Suppose 2*f - 2*v + 220 = d, -5*f - 58 - 478 = 2*v. Let l = f + 190. What is the tens digit of l?
8
Let n be (2/(-3))/((-92)/(-84) + -1). Let i(d) = d**3 + 8*d**2 + 6*d - 5. Let g be i(n). What is the units digit of ((-1 + g)*(-4 + 80))/1?
6
Let n = 88 + -86. Let k(g) = -28*g - n*g - 71 + 61. What is the units digit of k(-6)?
0
Suppose 4*n = -32*m + 29*m + 124542, 2*n + 124542 = 3*m. What is the units digit of m?
4
Let x = 229798 + -157933. Suppose -62*s - 25675 = -x. What is the units digit of s?
5
Suppose 17*g = 10*g + 2128. Let n = g - 196. What is the units digit of n?
8
Suppose -16*w = -3*p - 15*w - 3380, 0 = 2*p - w + 2255. Let n = p - -2234. What is the units digit of n?
9
Let x(l) = 32*l**2 - 418*l - 2481. What is the units digit of x(-6)?
9
Let g(n) = 4*n**3 - n**2 + 2*n. Suppose 2 = -2*r + 4. Let k be g(r). Suppose 3*u + 2 + 1 = 0, u - 924 = -k*f. What is the units digit of f?
5
Suppose 0 = -5*y + 17033 - 4403. What is the hundreds digit of y?
5
Suppose 0 = 4*v + 4*d + 8, v + 3*v = 5*d + 28. Suppose -16 = -v*g + 4. Suppose 0 = g*r - 102 - 428. What is the tens digit of r?
5
Let t be -28 + 1 - 1 - 0. Suppose 2006 = 17*d - 0*d. Let r = t + d. What is the tens digit of r?
9
Suppose 122*t = 115*t + 148330. What is the units digit of t?
0
Let f = 114 - 114. Let s(v) = -8*v + 331. What is the tens digit of s(f)?
3
Suppose 677963 = 27*f + 210203 - 1193091. What is the units digit of f?
3
Suppose -k = -3*t + 2 + 2, -k = -5*t + 8. Suppose 0 = -t*f + 6 + 12. What is the units digit of (f/(-3))/((-3)/10)?
0
Suppose -p + 7 = 0, 9*u + 5*p = 5*u + 252971. What is the hundreds digit of u?
2
Suppose -q + 41 = -4*x + 909, 5*q = x - 217. Let a = 114 - x. Let k = 155 + a. What is the tens digit of k?
5
Let x = -589 - -269. Let y = 207 + x. Let u = 191 + y. What is the tens digit of u?
7
Let s(b) = -10*b - 5. Let q be s(-1). Suppose 5*l - 9 = -j + 6*l, 0 = -q*j - 4*l + 9. Suppose x = j*x - 20. What is the units digit of x?
5
Suppose -19*p + 112 = -17*p. Suppose -5*m = -19*m + p. What is the units digit of m?
4
Let u be ((-3)/(-12))/((-2)/(-56)). Let w(d) = 18*d**2 - 11*d + 10. What is the units digit of w(u)?
5
Suppose 271*n = -7*n + 482608. What is the units digit of n?
6
Suppose 286*w - 2264128 + 1809747 = 10270047. What is the tens digit of w?
9
Let m be ((-33)/(-1))/(5/50). Suppose 3*x - 6*x = -m. Suppose -d - 39 = -x. What is the tens digit of d?
7
Let c be (0 + -7)/(-3 - -2). Suppose c*d - 18 = 4*d. Suppose -d*v = -110 - 202. What is the units digit of v?
2
Let v = 8 - 116. Let b = v - -123. Suppose 18*g = b*g + 591. What is the tens digit of g?
9
Let j(x) = -126*x + 836. What is the thousands digit of j(-80)?
0
Let z = -81 - -72. Let k(l) = 7*l + 10. Let v be k(z). Let h = 72 + v. What is the units digit of h?
9
Let y(x) = -x**3 + 5*x**2 + 8*x - 4. Let i be y(6). Suppose -i = 2*b, 0 = -s - 5*b - 10 - 8. What is the hundreds digit of (1 + -3)/s + (-138)/(-1)?
1
Let v = 24 + -22. Suppose 2*l - 220 = -v*l - 4*x, 3*l = -4*x + 160. What is the tens digit of l?
6
Let v(t) = -t**2 - 9*t + 10. Let w be v(-11). Let o(q) = -q**2 - 5*q + 14. Let y be o(w). Let i = 162 + y. What is the tens digit of i?
9
What is the units digit of ((-3)/(-6))/(1/(-389730)*-15)?
1
Let d(s) = 4*s - 14. Let v be d(7). Let f = 35 - 30. Let h = v + f. What is the tens digit of h?
1
Suppose -11*b = 2*b - 104. Suppose 0 = -4*i + 4*f + 5356, 5*i = b*i - f - 4013. What is the tens digit of i?
3
Let x(a) = -a + 20. Let t be x(18). What is the hundreds digit of (0 - t/(-6)) + (-13216)/(-42)?
3
Let w(c) = -c**3 + 49*c**2 + 2*c - 356. What is the ten thousands digit of w(27)?
1
Suppose 2*x = -2*x - x. Suppose q + 4*v - 7 = 0, x*v = 4*q + 3*v + 24. What is the units digit of (q/2 + 2)/((-1)/22)?
5
Let v(g) = -g**3 + 2*g**2 - g + 4. Let l = 41 + 0. Let d = l + -44. What is the units digit of v(d)?
2
Let w = -56 + 59. Suppose 4*v - w*y = -0*y + 24, 3*v - 2*y = 17. Suppose -88 = -q - v*q. What is the tens digit of q?
2
Let m = -154 + 166. Suppose -m*i = i - 26. What is the units digit of i?
2
Let z be 80/(-14) + -3 + 76/28. Let b(f) = -2*f**3 - 7*f**2 - 16*f - 5. What is the units digit of b(z)?
1
What is the thousands digit of 36/342 - 526290/(-95)?
5
Let z = -83 - 113. Let v = 327 - z. What is the hundreds digit of v?
5
Let y(z) = 12*z**2 - 45*z + 6. Let